{"id":112,"date":"2015-12-02T09:57:59","date_gmt":"2015-12-02T09:57:59","guid":{"rendered":"http:\/\/www.mutxiko.org\/?page_id=112"},"modified":"2026-03-08T17:49:57","modified_gmt":"2026-03-08T17:49:57","slug":"repetitions","status":"publish","type":"page","link":"http:\/\/www.mutxiko.org\/?page_id=112&lang=fr","title":{"rendered":"R\u00e9p\u00e9titions"},"content":{"rendered":"<p align=\"left\">Le groupe MUTXIKO r\u00e9p\u00e8te 3 fois par semaine : 2 cours pour d\u00e9butants et 1 cours pour les danseurs confirm\u00e9s.<\/p>\n<p align=\"left\">Voici les jours, les horaires et les lieux des r\u00e9p\u00e9titions :<\/p>\n<p style=\"text-align: center;\">\u00a0<\/p>\n\n\n<figure class=\"wp-block-image size-full\"><a href=\"http:\/\/www.mutxiko.org\/wp-content\/uploads\/2026\/03\/Frantsesez-repes.png\"><img decoding=\"async\" loading=\"lazy\" width=\"509\" height=\"134\" src=\"http:\/\/www.mutxiko.org\/wp-content\/uploads\/2026\/03\/Frantsesez-repes.png\" alt=\"\" class=\"wp-image-24986\" srcset=\"http:\/\/www.mutxiko.org\/wp-content\/uploads\/2026\/03\/Frantsesez-repes.png 509w, http:\/\/www.mutxiko.org\/wp-content\/uploads\/2026\/03\/Frantsesez-repes-300x79.png 300w\" sizes=\"(max-width: 509px) 100vw, 509px\" \/><\/a><\/figure>\n","protected":false},"excerpt":{"rendered":"<p>Le groupe MUTXIKO r\u00e9p\u00e8te 3 fois par semaine : 2 cours pour d\u00e9butants et 1 cours pour les danseurs confirm\u00e9s. Voici les jours, les horaires et les lieux des r\u00e9p\u00e9titions : \u00a0<\/p>\n","protected":false},"author":1,"featured_media":0,"parent":0,"menu_order":0,"comment_status":"closed","ping_status":"closed","template":"","meta":[],"_links":{"self":[{"href":"http:\/\/www.mutxiko.org\/index.php?rest_route=\/wp\/v2\/pages\/112"}],"collection":[{"href":"http:\/\/www.mutxiko.org\/index.php?rest_route=\/wp\/v2\/pages"}],"about":[{"href":"http:\/\/www.mutxiko.org\/index.php?rest_route=\/wp\/v2\/types\/page"}],"author":[{"embeddable":true,"href":"http:\/\/www.mutxiko.org\/index.php?rest_route=\/wp\/v2\/users\/1"}],"replies":[{"embeddable":true,"href":"http:\/\/www.mutxiko.org\/index.php?rest_route=%2Fwp%2Fv2%2Fcomments&post=112"}],"version-history":[{"count":6,"href":"http:\/\/www.mutxiko.org\/index.php?rest_route=\/wp\/v2\/pages\/112\/revisions"}],"predecessor-version":[{"id":24993,"href":"http:\/\/www.mutxiko.org\/index.php?rest_route=\/wp\/v2\/pages\/112\/revisions\/24993"}],"wp:attachment":[{"href":"http:\/\/www.mutxiko.org\/index.php?rest_route=%2Fwp%2Fv2%2Fmedia&parent=112"}],"curies":[{"name":"wp","href":"https:\/\/api.w.org\/{rel}","templated":true}]}}