{"id":340,"date":"2015-12-09T12:19:17","date_gmt":"2015-12-09T12:19:17","guid":{"rendered":"http:\/\/www.mutxiko.org\/?page_id=340"},"modified":"2016-06-01T20:11:21","modified_gmt":"2016-06-01T20:11:21","slug":"2012-2","status":"publish","type":"page","link":"http:\/\/www.mutxiko.org\/?page_id=340&lang=fr","title":{"rendered":"2012"},"content":{"rendered":"<p align=\"left\"><strong>21 janvier<\/strong><\/p>\n<p align=\"left\">Mutxiko a particip\u00e9 \u00e0 la Danborrada d\u2019Hendaye avec d\u2019autres associations et des repr\u00e9sentants des quartiers de la ville.<\/p>\n<p align=\"center\"><a href=\"http:\/\/www.mutxiko.org\/wp-content\/uploads\/2015\/12\/CIMG0073.jpg\"><img decoding=\"async\" loading=\"lazy\" class=\"alignnone  wp-image-344\" src=\"http:\/\/www.mutxiko.org\/wp-content\/uploads\/2015\/12\/CIMG0073-1024x768.jpg\" alt=\"CIMG0073\" width=\"581\" height=\"436\" srcset=\"http:\/\/www.mutxiko.org\/wp-content\/uploads\/2015\/12\/CIMG0073-1024x768.jpg 1024w, http:\/\/www.mutxiko.org\/wp-content\/uploads\/2015\/12\/CIMG0073-300x225.jpg 300w, http:\/\/www.mutxiko.org\/wp-content\/uploads\/2015\/12\/CIMG0073.jpg 2048w\" sizes=\"(max-width: 581px) 100vw, 581px\" \/><\/a><\/p>\n<p align=\"center\">Pour voir plus de photos cliquez<a class=\"external-link\" href=\"https:\/\/www.flickr.com\/photos\/142290625@N08\/albums\/72157665354017083\" target=\"_blank\"> ici<\/a><\/p>\n<p align=\"left\">\n<p align=\"left\"><strong>24 fevrier<\/strong><\/p>\n<p align=\"left\"><strong>Carnaval d<\/strong>\u2019 <strong>H<\/strong><strong>endaye,<\/strong> Mutxiko Elkartea a particip\u00e9 au defil\u00e9.<\/p>\n<p align=\"center\"><a href=\"http:\/\/www.mutxiko.org\/wp-content\/uploads\/2015\/12\/27022012701_001.jpg\"><img decoding=\"async\" loading=\"lazy\" class=\"alignnone wp-image-341 size-medium\" src=\"http:\/\/www.mutxiko.org\/wp-content\/uploads\/2015\/12\/27022012701_001-300x225.jpg\" alt=\"27022012701_001\" width=\"300\" height=\"225\" srcset=\"http:\/\/www.mutxiko.org\/wp-content\/uploads\/2015\/12\/27022012701_001-300x225.jpg 300w, http:\/\/www.mutxiko.org\/wp-content\/uploads\/2015\/12\/27022012701_001-1024x768.jpg 1024w\" sizes=\"(max-width: 300px) 100vw, 300px\" \/><\/a>\u00a0 \u00a0 \u00a0\u00a0<a href=\"http:\/\/www.mutxiko.org\/wp-content\/uploads\/2015\/12\/27022012715.jpg\"><img decoding=\"async\" loading=\"lazy\" class=\"alignnone size-medium wp-image-342\" src=\"http:\/\/www.mutxiko.org\/wp-content\/uploads\/2015\/12\/27022012715-300x225.jpg\" alt=\"27022012715\" width=\"300\" height=\"225\" srcset=\"http:\/\/www.mutxiko.org\/wp-content\/uploads\/2015\/12\/27022012715-300x225.jpg 300w, http:\/\/www.mutxiko.org\/wp-content\/uploads\/2015\/12\/27022012715-1024x768.jpg 1024w\" sizes=\"(max-width: 300px) 100vw, 300px\" \/><\/a><\/p>\n<p align=\"center\">Pour voir plus de photos cliquez<a class=\"external-link\" href=\"https:\/\/www.flickr.com\/photos\/142290625@N08\/albums\/72157665355777833\" target=\"_blank\"><u> ici<\/u><\/a><\/p>\n<p>&nbsp;<\/p>\n<p><strong>14 juillet, 6 et 13 septembre<br \/>\nSpectacle \u00e0 Ascain<\/strong><\/p>\n<p>Dans le cadre des activit\u00e9s que le Comit\u00e9 des f\u00eates d\u2019Ascain organise l\u2019\u00e9t\u00e9, Mutxiko a offert un spectacle de danse au fronton Chourio<\/p>\n<p align=\"center\"><a href=\"http:\/\/www.mutxiko.org\/wp-content\/uploads\/2015\/12\/IMG_5495.jpg\"><img decoding=\"async\" loading=\"lazy\" class=\"aligncenter wp-image-346 \" src=\"http:\/\/www.mutxiko.org\/wp-content\/uploads\/2015\/12\/IMG_5495.jpg\" alt=\"IMG_5495\" width=\"591\" height=\"392\" \/><\/a>Pour voir plus de photos\u00a0 cliquez<a class=\"external-link\" href=\"https:\/\/www.flickr.com\/photos\/142290625@N08\/albums\/72157667619475496\" target=\"_blank\"><u> ici<\/u><\/a><\/p>\n<p align=\"left\"><strong>16 Juillet<br \/>\nSpectacle \u00e0 Sokoburu<\/strong><\/p>\n<p align=\"left\">Spectacle \u00e0 Sokoburu dans le cadre du programme d\u2019activit\u00e9s estivales du Comit\u00e9 des f\u00eates d\u2019Hendaye.<\/p>\n<p align=\"center\"><a href=\"http:\/\/www.mutxiko.org\/wp-content\/uploads\/2015\/12\/CAM_0014_001.jpg\"><img decoding=\"async\" loading=\"lazy\" class=\"wp-image-343  aligncenter\" src=\"http:\/\/www.mutxiko.org\/wp-content\/uploads\/2015\/12\/CAM_0014_001-e1449663625525.jpg\" alt=\"\" width=\"596\" height=\"296\" \/><\/a>Pour voir plus de photos cliquez <a class=\"external-link\" href=\"https:\/\/www.flickr.com\/photos\/142290625@N08\/albums\/72157665589993453\" target=\"_blank\">ici<\/a><\/p>\n<p>&nbsp;<\/p>\n<h3 align=\"left\"><strong>4\u00e9me et 5\u00e9me Ao\u00fbt 2012<\/strong><\/h3>\n<div align=\"left\"><strong>41<sup>e<\/sup> \u00e9dition de la Noce Bretonne de Pluneret Bretagne.<\/strong><\/div>\n<p align=\"left\">Samedi visite de Carnac, Quiberon et la C\u00f4te sauvage, Auray&#8230;La journ\u00e9e de dimanche \u00e9tant\u00a0 tr\u00e8s attendue, le groupe Mutxiko a mis les traditions et coutumes basques \u00e0 l\u2019honneur et a apport\u00e9\u00a0de la chaleur lors du d\u00e9fil\u00e9, avec tous les autres participants (Bretons et Georgiens), ainsi que lors du spectacle devant\u00a0 une foule de spectateurs et malgr\u00e9 une m\u00e9t\u00e9o pas tr\u00e8s favorable.<\/p>\n<p align=\"center\"><a href=\"http:\/\/www.mutxiko.org\/wp-content\/uploads\/2015\/12\/DSC_0607_4369_002.jpg\"><img decoding=\"async\" loading=\"lazy\" class=\"alignnone wp-image-345 \" src=\"http:\/\/www.mutxiko.org\/wp-content\/uploads\/2015\/12\/DSC_0607_4369_002-1024x685.jpg\" alt=\"DSC_0607_4369_002\" width=\"592\" height=\"397\" srcset=\"http:\/\/www.mutxiko.org\/wp-content\/uploads\/2015\/12\/DSC_0607_4369_002-1024x685.jpg 1024w, http:\/\/www.mutxiko.org\/wp-content\/uploads\/2015\/12\/DSC_0607_4369_002-300x201.jpg 300w\" sizes=\"(max-width: 592px) 100vw, 592px\" \/><\/a><\/p>\n<p style=\"text-align: center;\">Pour voir plus de photos cliquez <a class=\"external-link\" href=\"https:\/\/www.flickr.com\/photos\/142290625@N08\/albums\/72157667710260935\" target=\"_blank\">ici<\/a><\/p>\n<p align=\"left\">\n<p align=\"left\"><strong>12 Aout<br \/>\nEuskal Besta-F\u00eate Basque, Hendaye<\/strong><\/p>\n<p align=\"left\">Participation au defil\u00e9 de la F\u00eate Basque \u00e0 Hendaye.<\/p>\n<p align=\"center\"><a href=\"http:\/\/www.mutxiko.org\/wp-content\/uploads\/2015\/12\/SAM_0300.jpg\"><img decoding=\"async\" loading=\"lazy\" class=\"aligncenter wp-image-348 \" src=\"http:\/\/www.mutxiko.org\/wp-content\/uploads\/2015\/12\/SAM_0300-1024x576.jpg\" alt=\"SAM_0300\" width=\"600\" height=\"336\" \/><\/a>Pour voir plus de photos cliquez <a class=\"external-link\" href=\"https:\/\/www.flickr.com\/photos\/142290625@N08\/albums\/72157667497955422\" target=\"_blank\">ici<\/a><\/p>\n<p align=\"left\"><strong>23 Septembre<\/strong><\/p>\n<p align=\"left\"><strong>F\u00eate de la Corniche<\/strong><\/p>\n<div align=\"left\">\n<p>Comme chaque ann\u00e9e,\u00a0la F\u00eate de la Corniche \u00e0 Hendaye, organis\u00e9e par le Conseil G\u00e9n\u00e9ral des Pyr\u00e9n\u00e9es-Atlantiques. La route de la corniche est ferm\u00e9e \u00e0 la circulation. Grand pic-nic, animation, visites et decouvertes. Animation avec Mutxiko Elkartea.<\/p>\n<div align=\"center\"><a href=\"http:\/\/www.mutxiko.org\/wp-content\/uploads\/2015\/12\/abadia.jpg\"><img decoding=\"async\" loading=\"lazy\" class=\"alignnone wp-image-191 \" src=\"http:\/\/www.mutxiko.org\/wp-content\/uploads\/2015\/12\/abadia.jpg\" alt=\"Abadia\" width=\"620\" height=\"253\" \/><\/a><\/div>\n<div align=\"center\">\n<p align=\"center\">Pour voir plus de photos cliquez <a class=\"external-link\" href=\"https:\/\/www.flickr.com\/photos\/142290625@N08\/albums\/72157667622505336\" target=\"_blank\">ici<\/a><\/p>\n<p align=\"left\"><strong>31 octobre-3\u00a0 Novembre<\/strong><\/p>\n<p align=\"left\"><strong>Voyage \u00e0 Lanzarote<\/strong><\/p>\n<p align=\"left\">Nous avons \u00e9t\u00e9 invit\u00e9s \u00e0 Lanzarote par le groupe M\u00f9sico Cultural Tymbayba de Tinajo. Nous avons pass\u00e9 quelques jours fantastiques, visitant l\u2019\u00eele et partageant des moments tr\u00e8s cordiaux.<\/p>\n<p align=\"left\">\u00a0Nous avons eu l\u2019occasion de pr\u00e9senter un spectacle au Th\u00e9\u00e2tre de Tinajo et\u00a0 de danser \u00e0 Puerto del Carmen. Un grand merci \u00e0 tous nos amis de Tymbayba pour leur hospitalit\u00e9\u00a0; nous attendons leur visite \u00e0 Hendaye.<\/p>\n<p align=\"center\"><a href=\"http:\/\/www.mutxiko.org\/wp-content\/uploads\/2015\/12\/mutxiko-lanzarote-2-azaroa-2012-070_001.jpg\"><img decoding=\"async\" loading=\"lazy\" class=\"alignnone wp-image-347 \" src=\"http:\/\/www.mutxiko.org\/wp-content\/uploads\/2015\/12\/mutxiko-lanzarote-2-azaroa-2012-070_001-1024x548.jpg\" alt=\"mutxiko lanzarote 2 -azaroa 2012 070_001\" width=\"629\" height=\"330\" \/><\/a><\/p>\n<p align=\"center\">Pour voir plus de photos cliquez <a class=\"external-link\" href=\"https:\/\/www.flickr.com\/photos\/142290625@N08\/albums\/72157665343361584\" target=\"_blank\">ici<\/a><\/p>\n<\/div>\n<\/div>\n","protected":false},"excerpt":{"rendered":"<p>21 janvier Mutxiko a particip\u00e9 \u00e0 la Danborrada d\u2019Hendaye avec d\u2019autres associations et des repr\u00e9sentants des quartiers de la ville. Pour voir plus de photos cliquez ici 24 fevrier Carnaval d\u2019 Hendaye, Mutxiko Elkartea a particip\u00e9 au defil\u00e9. \u00a0 \u00a0 \u00a0\u00a0 Pour voir plus de photos cliquez ici &nbsp; 14 juillet, 6 et 13 septembre [&hellip;]<\/p>\n","protected":false},"author":1,"featured_media":0,"parent":0,"menu_order":0,"comment_status":"closed","ping_status":"closed","template":"","meta":[],"_links":{"self":[{"href":"http:\/\/www.mutxiko.org\/index.php?rest_route=\/wp\/v2\/pages\/340"}],"collection":[{"href":"http:\/\/www.mutxiko.org\/index.php?rest_route=\/wp\/v2\/pages"}],"about":[{"href":"http:\/\/www.mutxiko.org\/index.php?rest_route=\/wp\/v2\/types\/page"}],"author":[{"embeddable":true,"href":"http:\/\/www.mutxiko.org\/index.php?rest_route=\/wp\/v2\/users\/1"}],"replies":[{"embeddable":true,"href":"http:\/\/www.mutxiko.org\/index.php?rest_route=%2Fwp%2Fv2%2Fcomments&post=340"}],"version-history":[{"count":7,"href":"http:\/\/www.mutxiko.org\/index.php?rest_route=\/wp\/v2\/pages\/340\/revisions"}],"predecessor-version":[{"id":1591,"href":"http:\/\/www.mutxiko.org\/index.php?rest_route=\/wp\/v2\/pages\/340\/revisions\/1591"}],"wp:attachment":[{"href":"http:\/\/www.mutxiko.org\/index.php?rest_route=%2Fwp%2Fv2%2Fmedia&parent=340"}],"curies":[{"name":"wp","href":"https:\/\/api.w.org\/{rel}","templated":true}]}}