{"id":606,"date":"2015-12-17T14:30:31","date_gmt":"2015-12-17T14:30:31","guid":{"rendered":"http:\/\/www.mutxiko.org\/?page_id=606"},"modified":"2016-06-10T19:08:50","modified_gmt":"2016-06-10T19:08:50","slug":"2005-2","status":"publish","type":"page","link":"http:\/\/www.mutxiko.org\/?page_id=606&lang=fr","title":{"rendered":"2005"},"content":{"rendered":"<p><strong>6\u00a0F\u00e9vrier<\/strong><\/p>\n<p>ZIBURUKO IHAUTERIA \u2013\u00a0Carnaval de CIBOURE<\/p>\n<p>Participation \u00e0 la \u00ab\u00a0journ\u00e9e de l&rsquo;ours\u00a0\u00bb.<\/p>\n<p><img decoding=\"async\" loading=\"lazy\" class=\"aligncenter\" src=\"http:\/\/www.mutxiko.org\/wp-content\/uploads\/2015\/12\/zortziko.jpg\" alt=\"\" width=\"452\" height=\"500\" \/><\/p>\n<p>&nbsp;<\/p>\n<p><strong>12 F\u00e9vrier\u00a0\u00a0<\/strong><\/p>\n<p>Participation au Carnaval d\u2019Hendaye<\/p>\n<p><strong><br \/>\n<\/strong><\/p>\n<p><strong>11 Juin<\/strong><\/p>\n<p>SAGARNO EGUNA \u2013 Hendaye<\/p>\n<p>Animation,Mutxikoak. Stand tenu par MUTXIKO ELKARTEA\u00a0: toujours autant de succ\u00e8s autour de notre stand, tapas excellentes.<\/p>\n<p><strong>\u00a0<\/strong><strong>\u00a0\u00a0<\/strong><\/p>\n<p><strong>22 Juillet<\/strong><\/p>\n<p>Spectacle \u00e0 SOKOBURU. Participation \u00e0 l\u2019animation de l\u2019\u00e9t\u00e9 organis\u00e9e par le Comit\u00e9 des F\u00eates<\/p>\n<p>&nbsp;<\/p>\n<p><strong>23 Juillet<\/strong><\/p>\n<p>F\u00eates de la Mer \u00e0 Hendaye, Mutxikoak \u00e0 la Floride.<\/p>\n<p><strong>\u00a0<\/strong><\/p>\n<p><strong>13 Ao\u00fbt<\/strong><\/p>\n<p>Pr\u00e9sentation du spectacle \u00ab\u00a0AUNITZ URTEZ\u00a0\u00bb au fronton Belcenia dans le cadre des f\u00eates \u00ab\u00a0HIRI BESTA\u00a0\u00bb. avec la participation des groupes\u00a0:<\/p>\n<ul>\n<li>Kemen Dantza Taldea \u2013 Irun<\/li>\n<li>Meakako Adixkideak \u2013 Hondarribia<\/li>\n<li>Mutxiko Elkartea<\/li>\n<li>Chorale Abesbatza<\/li>\n<li>Coro Nabartenea \u2013 Irun<\/li>\n<\/ul>\n<p style=\"text-align: center;\"><a href=\"http:\/\/www.mutxiko.org\/wp-content\/uploads\/2015\/12\/image_preview6.jpg\"><img decoding=\"async\" loading=\"lazy\" class=\" wp-image-610 aligncenter\" src=\"http:\/\/www.mutxiko.org\/wp-content\/uploads\/2015\/12\/image_preview6.jpg\" alt=\"image_preview\" width=\"555\" height=\"366\" srcset=\"http:\/\/www.mutxiko.org\/wp-content\/uploads\/2015\/12\/image_preview6.jpg 400w, http:\/\/www.mutxiko.org\/wp-content\/uploads\/2015\/12\/image_preview6-300x198.jpg 300w\" sizes=\"(max-width: 555px) 100vw, 555px\" \/><\/a> Pour voir plus de photos, cliquez<strong>\u00a0<\/strong><a href=\"https:\/\/www.flickr.com\/photos\/142290625@N08\/albums\/72157665351264603\">ici<\/a><\/p>\n<p><strong>\u00a0\u00a0\u00a0\u00a0<\/strong><strong>\u00a0\u00a0<\/strong><\/p>\n<p><strong>14 Ao\u00fbt\u00a0\u00a0<\/strong><\/p>\n<p>F\u00eate Basque \u00e0 Hendaye. Participation \u00e0 la\u00a0 cavalcade.<\/p>\n<p>&nbsp;<\/p>\n<p><strong>Du 6 au 11 Septembre<\/strong><\/p>\n<p>Participation pour la 2<sup>\u00e8me<\/sup> fois au \u00ab\u00a0Peebles Arts Festival\u00a0\u00bb,dans le cadre du Jumelage de la Ville d\u2019Hendaye avec PEEBLES en Ecosse.<\/p>\n<p>Deux spectacles: en soir\u00e9e au th\u00e9\u00e2tre EASTGATE et en matin\u00e9e sur la place du QUADRANGLE.<\/p>\n<p>D\u00e9couverte du nouveau PARLEMENT ECOSSAIS A EDIMBOURG sous la conduite du d\u00e9put\u00e9 de la circonscription de Peebles.<\/p>\n<p>Soir\u00e9e d\u2019adieu, de danses et de chants, r\u00e9unissant le groupe et tous les h\u00f4tes \u00e9cossais.\u00a0\u00a0\u00a0\u00a0\u00a0\u00a0\u00a0\u00a0\u00a0\u00a0 Accueil chaleureux et de tr\u00e8s bons souvenirs.<\/p>\n<p style=\"text-align: center;\"><a href=\"http:\/\/www.mutxiko.org\/wp-content\/uploads\/2015\/12\/Quadrangle-polkas_001.jpg\"><img decoding=\"async\" loading=\"lazy\" class=\"wp-image-614 aligncenter\" src=\"http:\/\/www.mutxiko.org\/wp-content\/uploads\/2015\/12\/Quadrangle-polkas_001-1024x768.jpg\" alt=\"Quadrangle polkas_001\" width=\"595\" height=\"447\" srcset=\"http:\/\/www.mutxiko.org\/wp-content\/uploads\/2015\/12\/Quadrangle-polkas_001.jpg 1024w, http:\/\/www.mutxiko.org\/wp-content\/uploads\/2015\/12\/Quadrangle-polkas_001-300x225.jpg 300w\" sizes=\"(max-width: 595px) 100vw, 595px\" \/><\/a><\/p>\n<p style=\"text-align: center;\">Pour voir plus de photos, cliquez\u00a0<a href=\"https:\/\/www.flickr.com\/photos\/142290625@N08\/albums\/72157665368348313\">ici\u00a0<\/a><\/p>\n<p><strong>\u00a08 Octobre<\/strong><\/p>\n<p>Championnat de France d\u2019aviron \u00e0 Hendaye organis\u00e9 par Endaika ( club d&rsquo; aviron de mer d&rsquo; Hendaye). Animation et repas.<\/p>\n<p><img decoding=\"async\" loading=\"lazy\" class=\" wp-image-609 aligncenter\" src=\"http:\/\/www.mutxiko.org\/wp-content\/uploads\/2015\/12\/image_preview-13.jpg\" alt=\"image_preview (1)\" width=\"507\" height=\"366\" srcset=\"http:\/\/www.mutxiko.org\/wp-content\/uploads\/2015\/12\/image_preview-13.jpg 328w, http:\/\/www.mutxiko.org\/wp-content\/uploads\/2015\/12\/image_preview-13-300x217.jpg 300w\" sizes=\"(max-width: 507px) 100vw, 507px\" \/><\/p>\n<p><strong>\u00a0\u00a0\u00a0\u00a0<\/strong><\/p>\n<p><strong>5 Novembre<\/strong><\/p>\n<p>Spectacle \u00ab\u00a0Amodiaren Berri\u00a0\u00bb au Centre Culturel AMAIA de IRUN, avec la participation des groupes\u00a0:<\/p>\n<ul>\n<li>Meakako Adixkideak \u2013 Hondarribia<\/li>\n<li>Mutxiko Elkartea<\/li>\n<li>Coro Nabartenea \u2013 Irun<\/li>\n<\/ul>\n<p style=\"text-align: center;\"><a href=\"http:\/\/www.mutxiko.org\/wp-content\/uploads\/2015\/12\/Mutxiko-taldea_-konpartsa_001.jpg\"><img decoding=\"async\" loading=\"lazy\" class=\"wp-image-613 aligncenter\" src=\"http:\/\/www.mutxiko.org\/wp-content\/uploads\/2015\/12\/Mutxiko-Taldea_-TTUn-TTUn-3.jpg\" alt=\"Mutxiko Taldea_ TTUn-TTUn 3\" width=\"476\" height=\"346\" srcset=\"http:\/\/www.mutxiko.org\/wp-content\/uploads\/2015\/12\/Mutxiko-Taldea_-TTUn-TTUn-3.jpg 476w, http:\/\/www.mutxiko.org\/wp-content\/uploads\/2015\/12\/Mutxiko-Taldea_-TTUn-TTUn-3-300x218.jpg 300w\" sizes=\"(max-width: 476px) 100vw, 476px\" \/><\/a>Pour voir plus de photos, cliquez\u00a0<a href=\"https:\/\/www.flickr.com\/photos\/142290625@N08\/albums\/72157667493777942\">ici<\/a><\/p>\n<p><strong>\u00a0\u00a0\u00a0<\/strong><\/p>\n<p><strong>DE\u00a0PLUS&#8230;<\/strong><\/p>\n<p>Tout\u00a0au long de l\u2019ann\u00e9e, MUTXIKO ELKARTEA, assure diverses prestations pour des mariages, des animations etc.<\/p>\n<p><strong><a href=\"http:\/\/www.mutxiko.org\/wp-content\/uploads\/2015\/12\/image_mini1.jpg\"><img decoding=\"async\" loading=\"lazy\" class=\" wp-image-608 aligncenter\" src=\"http:\/\/www.mutxiko.org\/wp-content\/uploads\/2015\/12\/image_mini1.jpg\" alt=\"image_mini\" width=\"296\" height=\"246\" \/><\/a>\u00a0\u00a0<\/strong><\/p>\n<p><strong>ET POUR TERMINER<\/strong><\/p>\n<p>Le quatri\u00e8me dimanche de chaque mois, MUTXIKOAK au Fronton Gaztelu-Zahar avec la collaboration du Comit\u00e9 des F\u00eates.Tout le monde peut participer \u00e0 ces danses.<\/p>\n<p>&nbsp;<\/p>\n<p><a href=\"http:\/\/www.mutxiko.org\/wp-content\/uploads\/2015\/12\/image_mini-1.jpg\"><img decoding=\"async\" loading=\"lazy\" class=\" wp-image-590 aligncenter\" src=\"http:\/\/www.mutxiko.org\/wp-content\/uploads\/2015\/12\/image_mini-1.jpg\" alt=\"image_mini (1)\" width=\"273\" height=\"146\" \/><\/a><\/p>\n","protected":false},"excerpt":{"rendered":"<p>6\u00a0F\u00e9vrier ZIBURUKO IHAUTERIA \u2013\u00a0Carnaval de CIBOURE Participation \u00e0 la \u00ab\u00a0journ\u00e9e de l&rsquo;ours\u00a0\u00bb. &nbsp; 12 F\u00e9vrier\u00a0\u00a0 Participation au Carnaval d\u2019Hendaye 11 Juin SAGARNO EGUNA \u2013 Hendaye Animation,Mutxikoak. Stand tenu par MUTXIKO ELKARTEA\u00a0: toujours autant de succ\u00e8s autour de notre stand, tapas excellentes. \u00a0\u00a0\u00a0 22 Juillet Spectacle \u00e0 SOKOBURU. Participation \u00e0 l\u2019animation de l\u2019\u00e9t\u00e9 organis\u00e9e par le [&hellip;]<\/p>\n","protected":false},"author":1,"featured_media":0,"parent":106,"menu_order":0,"comment_status":"closed","ping_status":"closed","template":"","meta":[],"_links":{"self":[{"href":"http:\/\/www.mutxiko.org\/index.php?rest_route=\/wp\/v2\/pages\/606"}],"collection":[{"href":"http:\/\/www.mutxiko.org\/index.php?rest_route=\/wp\/v2\/pages"}],"about":[{"href":"http:\/\/www.mutxiko.org\/index.php?rest_route=\/wp\/v2\/types\/page"}],"author":[{"embeddable":true,"href":"http:\/\/www.mutxiko.org\/index.php?rest_route=\/wp\/v2\/users\/1"}],"replies":[{"embeddable":true,"href":"http:\/\/www.mutxiko.org\/index.php?rest_route=%2Fwp%2Fv2%2Fcomments&post=606"}],"version-history":[{"count":6,"href":"http:\/\/www.mutxiko.org\/index.php?rest_route=\/wp\/v2\/pages\/606\/revisions"}],"predecessor-version":[{"id":2788,"href":"http:\/\/www.mutxiko.org\/index.php?rest_route=\/wp\/v2\/pages\/606\/revisions\/2788"}],"up":[{"embeddable":true,"href":"http:\/\/www.mutxiko.org\/index.php?rest_route=\/wp\/v2\/pages\/106"}],"wp:attachment":[{"href":"http:\/\/www.mutxiko.org\/index.php?rest_route=%2Fwp%2Fv2%2Fmedia&parent=606"}],"curies":[{"name":"wp","href":"https:\/\/api.w.org\/{rel}","templated":true}]}}