{"id":7672,"date":"2017-01-30T07:52:05","date_gmt":"2017-01-30T07:52:05","guid":{"rendered":"http:\/\/www.mutxiko.org\/?page_id=7672"},"modified":"2017-10-18T17:14:56","modified_gmt":"2017-10-18T17:14:56","slug":"2017-3","status":"publish","type":"page","link":"http:\/\/www.mutxiko.org\/?page_id=7672&lang=fr","title":{"rendered":"2017"},"content":{"rendered":"<p>28 Janvier<\/p>\n<p><strong>Tamborrada de Hendaye<br \/>\n<\/strong><\/p>\n<p>Mutxiko a particip\u00e9 \u00e0 la Danborrada de Hendaye avec d\u2019autres associations et des repr\u00e9sentants des quartiers de la ville.<\/p>\n<p style=\"text-align: center;\"><a href=\"http:\/\/www.mutxiko.org\/wp-content\/uploads\/2017\/01\/Danborrada_mutxiko_2.jpg\"><img decoding=\"async\" loading=\"lazy\" class=\"alignnone wp-image-7830\" src=\"http:\/\/www.mutxiko.org\/wp-content\/uploads\/2017\/01\/Danborrada_mutxiko_2-1024x627.jpg\" alt=\"Danborrada_mutxiko_2\" width=\"549\" height=\"309\" \/><\/a><\/p>\n<p style=\"text-align: center;\">Pour voir plus de photos cliquez<a href=\"https:\/\/www.flickr.com\/photos\/142290625@N08\/albums\/72157679609994106\"> ici<\/a><\/p>\n<p align=\"LEFT\"><strong>4 Mars<\/strong><\/p>\n<p align=\"LEFT\"><strong>Carnaval d<\/strong>\u2019 <strong>Hendaye,<\/strong> Mutxiko Elkartea a particip\u00e9 au defil\u00e9.<\/p>\n<p style=\"text-align: center;\" align=\"LEFT\"><a href=\"http:\/\/www.mutxiko.org\/wp-content\/uploads\/2017\/03\/IMG_20170304_171240413.jpg\"><img decoding=\"async\" loading=\"lazy\" class=\"alignnone wp-image-8526\" src=\"http:\/\/www.mutxiko.org\/wp-content\/uploads\/2017\/03\/IMG_20170304_171240413-1024x575.jpg\" alt=\"Hendaye Carnaval 2017_2\" width=\"560\" height=\"313\" srcset=\"http:\/\/www.mutxiko.org\/wp-content\/uploads\/2017\/03\/IMG_20170304_171240413-1024x575.jpg 1024w, http:\/\/www.mutxiko.org\/wp-content\/uploads\/2017\/03\/IMG_20170304_171240413-300x169.jpg 300w, http:\/\/www.mutxiko.org\/wp-content\/uploads\/2017\/03\/IMG_20170304_171240413-768x431.jpg 768w\" sizes=\"(max-width: 560px) 100vw, 560px\" \/><\/a><\/p>\n<p style=\"text-align: center;\" align=\"LEFT\">Pour voir plus de photos cliquez<a href=\"https:\/\/www.flickr.com\/photos\/142290625@N08\/albums\/72157678731254602\"> ici<\/a><\/p>\n<p>\u00a021 Mai<\/p>\n<p><strong>Spectacle \u00e0 Amaia Antzokia (Irun), avec Txorimaloak Soinu Taldea<br \/>\n<\/strong><\/p>\n<p style=\"text-align: center;\"><a href=\"http:\/\/www.mutxiko.org\/wp-content\/uploads\/2017\/07\/Foto-de-Josune-Ausin5.jpg\"><img decoding=\"async\" loading=\"lazy\" class=\"wp-image-10354 aligncenter\" src=\"http:\/\/www.mutxiko.org\/wp-content\/uploads\/2017\/07\/Foto-de-Josune-Ausin5-1024x768.jpg\" alt=\"Amaia Antzokia 2017\" width=\"575\" height=\"432\" srcset=\"http:\/\/www.mutxiko.org\/wp-content\/uploads\/2017\/07\/Foto-de-Josune-Ausin5-1024x768.jpg 1024w, http:\/\/www.mutxiko.org\/wp-content\/uploads\/2017\/07\/Foto-de-Josune-Ausin5-300x225.jpg 300w, http:\/\/www.mutxiko.org\/wp-content\/uploads\/2017\/07\/Foto-de-Josune-Ausin5-768x576.jpg 768w, http:\/\/www.mutxiko.org\/wp-content\/uploads\/2017\/07\/Foto-de-Josune-Ausin5.jpg 1600w\" sizes=\"(max-width: 575px) 100vw, 575px\" \/><\/a>Pour voir plus de photos cliquez<a href=\"https:\/\/www.flickr.com\/photos\/142290625@N08\/albums\/72157681298725062\"> ici<\/a><\/p>\n<p>4 juillet<br \/>\n<strong>Spectacle \u00e0 Sokoburu<br \/>\n<\/strong><\/p>\n<p style=\"text-align: center;\"><a href=\"http:\/\/www.mutxiko.org\/wp-content\/uploads\/2017\/07\/IMG-20170706-WA0011.jpg\"><img decoding=\"async\" loading=\"lazy\" class=\"wp-image-10432 aligncenter\" src=\"http:\/\/www.mutxiko.org\/wp-content\/uploads\/2017\/07\/IMG-20170706-WA0011-1024x576.jpg\" alt=\"Sokoburu 2017\" width=\"578\" height=\"325\" srcset=\"http:\/\/www.mutxiko.org\/wp-content\/uploads\/2017\/07\/IMG-20170706-WA0011-1024x576.jpg 1024w, http:\/\/www.mutxiko.org\/wp-content\/uploads\/2017\/07\/IMG-20170706-WA0011-300x169.jpg 300w, http:\/\/www.mutxiko.org\/wp-content\/uploads\/2017\/07\/IMG-20170706-WA0011-768x432.jpg 768w, http:\/\/www.mutxiko.org\/wp-content\/uploads\/2017\/07\/IMG-20170706-WA0011.jpg 1600w\" sizes=\"(max-width: 578px) 100vw, 578px\" \/><\/a>Pour voir plus de photos cliquez i<a href=\"https:\/\/www.flickr.com\/photos\/142290625@N08\/albums\/72157683057784754\">ci<\/a><\/p>\n<p style=\"text-align: left;\">20 juillet, 24 ao\u00fbt<br \/>\n<strong>Spectacle \u00e0 Ascain<\/strong><\/p>\n<p style=\"text-align: center;\"><a href=\"http:\/\/www.mutxiko.org\/wp-content\/uploads\/2017\/07\/IMG_3801.jpg\"><img decoding=\"async\" loading=\"lazy\" class=\" wp-image-10650 aligncenter\" src=\"http:\/\/www.mutxiko.org\/wp-content\/uploads\/2017\/07\/IMG_3801-1024x436.jpg\" alt=\"Ascain juillet 2017_mutxiko\" width=\"697\" height=\"297\" srcset=\"http:\/\/www.mutxiko.org\/wp-content\/uploads\/2017\/07\/IMG_3801-1024x436.jpg 1024w, http:\/\/www.mutxiko.org\/wp-content\/uploads\/2017\/07\/IMG_3801-300x128.jpg 300w, http:\/\/www.mutxiko.org\/wp-content\/uploads\/2017\/07\/IMG_3801-768x327.jpg 768w\" sizes=\"(max-width: 697px) 100vw, 697px\" \/><\/a>Pour voir plus de photos cliquez<a href=\"https:\/\/www.flickr.com\/photos\/142290625@N08\/albums\/72157683951066513\/with\/35952634941\/\"> ici<\/a><\/p>\n<p align=\"LEFT\"><strong>13 ao\u00fbt<br \/>\nF\u00eate Basque, Hendaye<\/strong><\/p>\n<p align=\"LEFT\">Participation au d\u00e9fil\u00e9 de la F\u00eate Basque \u00e0 Hendaye. Le matin, trois dantzaris du groupe dans\u00e8rent Ezpata Dantza \u00e0 la masse.<\/p>\n<p style=\"text-align: center;\"><a href=\"http:\/\/www.mutxiko.org\/wp-content\/uploads\/2017\/08\/IMG_3883.jpg\"><img decoding=\"async\" loading=\"lazy\" class=\"wp-image-11081 alignleft\" src=\"http:\/\/www.mutxiko.org\/wp-content\/uploads\/2017\/08\/IMG_3883-1024x768.jpg\" alt=\"F\u00eate Basque 2017\" width=\"351\" height=\"263\" srcset=\"http:\/\/www.mutxiko.org\/wp-content\/uploads\/2017\/08\/IMG_3883-1024x768.jpg 1024w, http:\/\/www.mutxiko.org\/wp-content\/uploads\/2017\/08\/IMG_3883-300x225.jpg 300w, http:\/\/www.mutxiko.org\/wp-content\/uploads\/2017\/08\/IMG_3883-768x576.jpg 768w\" sizes=\"(max-width: 351px) 100vw, 351px\" \/><\/a><a href=\"http:\/\/www.mutxiko.org\/wp-content\/uploads\/2017\/08\/IMG_3882.jpg\"><img decoding=\"async\" loading=\"lazy\" class=\"alignnone wp-image-11089\" src=\"http:\/\/www.mutxiko.org\/wp-content\/uploads\/2017\/08\/IMG_3882-1024x768.jpg\" alt=\"F\u00eate Basque_2017\" width=\"352\" height=\"264\" srcset=\"http:\/\/www.mutxiko.org\/wp-content\/uploads\/2017\/08\/IMG_3882-1024x768.jpg 1024w, http:\/\/www.mutxiko.org\/wp-content\/uploads\/2017\/08\/IMG_3882-300x225.jpg 300w, http:\/\/www.mutxiko.org\/wp-content\/uploads\/2017\/08\/IMG_3882-768x576.jpg 768w\" sizes=\"(max-width: 352px) 100vw, 352px\" \/><\/a><\/p>\n<p style=\"text-align: center;\">Pour voir plus de photos cliquez <a href=\"https:\/\/www.flickr.com\/photos\/142290625@N08\/albums\/72157684852219811\">ici<\/a><\/p>\n<p style=\"text-align: left;\">7 et 21 septembre<br \/>\n<strong>Spectacle \u00e0 Ascain<\/strong><\/p>\n<div style=\"width: 640px;\" class=\"wp-video\"><!--[if lt IE 9]><script>document.createElement('video');<\/script><![endif]-->\n<video class=\"wp-video-shortcode\" id=\"video-7672-1\" width=\"640\" height=\"368\" preload=\"metadata\" controls=\"controls\"><source type=\"video\/mp4\" src=\"http:\/\/www.mutxiko.org\/wp-content\/uploads\/2017\/09\/VID-20170925-WA0002.mp4?_=1\" \/><a href=\"http:\/\/www.mutxiko.org\/wp-content\/uploads\/2017\/09\/VID-20170925-WA0002.mp4\">http:\/\/www.mutxiko.org\/wp-content\/uploads\/2017\/09\/VID-20170925-WA0002.mp4<\/a><\/video><\/div>\n<p style=\"text-align: center;\">Pour voir plus de videos cliquez <a href=\"https:\/\/www.flickr.com\/photos\/142290625@N08\/albums\/72157687094101584\">ici<\/a><\/p>\n<p style=\"text-align: left;\">23 septembre<br \/>\n<strong>F\u00eate du RIz \u00e0 Arguedas<br \/>\n<\/strong><\/p>\n<p style=\"text-align: center;\"><a href=\"http:\/\/www.mutxiko.org\/wp-content\/uploads\/2017\/09\/20170924_194805.jpg\"><img decoding=\"async\" loading=\"lazy\" class=\"wp-image-11759 aligncenter\" src=\"http:\/\/www.mutxiko.org\/wp-content\/uploads\/2017\/09\/20170924_194805-1024x680.jpg\" alt=\"Fiesta_arroz_Arguedas_2017\" width=\"653\" height=\"433\" srcset=\"http:\/\/www.mutxiko.org\/wp-content\/uploads\/2017\/09\/20170924_194805-1024x680.jpg 1024w, http:\/\/www.mutxiko.org\/wp-content\/uploads\/2017\/09\/20170924_194805-300x199.jpg 300w, http:\/\/www.mutxiko.org\/wp-content\/uploads\/2017\/09\/20170924_194805-768x510.jpg 768w, http:\/\/www.mutxiko.org\/wp-content\/uploads\/2017\/09\/20170924_194805.jpg 1334w\" sizes=\"(max-width: 653px) 100vw, 653px\" \/><\/a>Pour voir plus de photos cliquez <a href=\"https:\/\/www.flickr.com\/photos\/142290625@N08\/albums\/72157685539817622\">ici<\/a><\/p>\n<p style=\"text-align: left;\">15 octobre<br \/>\n<strong>Foire d&rsquo;Arudy<br \/>\n<\/strong><\/p>\n<p>Dans le cadre de la Foire d&rsquo;Arudy, Mutxiko Elkartea a \u00e9t\u00e9 invit\u00e9 \u00e0 participer au defil\u00e9 le matin. L&rsquo;apr\u00e9s midi, le groupe a offert un spectacle de danses basques.<\/p>\n<p style=\"text-align: center;\"><a href=\"http:\/\/www.mutxiko.org\/wp-content\/uploads\/2017\/10\/IMG_20171015_155112_003.jpg\"><img decoding=\"async\" loading=\"lazy\" class=\"alignnone wp-image-12263\" src=\"http:\/\/www.mutxiko.org\/wp-content\/uploads\/2017\/10\/IMG_20171015_155112_003-1024x768.jpg\" alt=\"Arudy 2017\" width=\"607\" height=\"455\" srcset=\"http:\/\/www.mutxiko.org\/wp-content\/uploads\/2017\/10\/IMG_20171015_155112_003-1024x768.jpg 1024w, http:\/\/www.mutxiko.org\/wp-content\/uploads\/2017\/10\/IMG_20171015_155112_003-300x225.jpg 300w, http:\/\/www.mutxiko.org\/wp-content\/uploads\/2017\/10\/IMG_20171015_155112_003-768x576.jpg 768w\" sizes=\"(max-width: 607px) 100vw, 607px\" \/><\/a><\/p>\n<p style=\"text-align: center;\">Pour voir plus de photos cliquez <a href=\"https:\/\/www.flickr.com\/photos\/142290625@N08\/albums\/72157661601671088\">ici<\/a><\/p>\n<p style=\"text-align: center;\">\n","protected":false},"excerpt":{"rendered":"<p>28 Janvier Tamborrada de Hendaye Mutxiko a particip\u00e9 \u00e0 la Danborrada de Hendaye avec d\u2019autres associations et des repr\u00e9sentants des quartiers de la ville. Pour voir plus de photos cliquez ici 4 Mars Carnaval d\u2019 Hendaye, Mutxiko Elkartea a particip\u00e9 au defil\u00e9. Pour voir plus de photos cliquez ici \u00a021 Mai Spectacle \u00e0 Amaia Antzokia [&hellip;]<\/p>\n","protected":false},"author":1,"featured_media":0,"parent":0,"menu_order":0,"comment_status":"closed","ping_status":"closed","template":"","meta":[],"_links":{"self":[{"href":"http:\/\/www.mutxiko.org\/index.php?rest_route=\/wp\/v2\/pages\/7672"}],"collection":[{"href":"http:\/\/www.mutxiko.org\/index.php?rest_route=\/wp\/v2\/pages"}],"about":[{"href":"http:\/\/www.mutxiko.org\/index.php?rest_route=\/wp\/v2\/types\/page"}],"author":[{"embeddable":true,"href":"http:\/\/www.mutxiko.org\/index.php?rest_route=\/wp\/v2\/users\/1"}],"replies":[{"embeddable":true,"href":"http:\/\/www.mutxiko.org\/index.php?rest_route=%2Fwp%2Fv2%2Fcomments&post=7672"}],"version-history":[{"count":24,"href":"http:\/\/www.mutxiko.org\/index.php?rest_route=\/wp\/v2\/pages\/7672\/revisions"}],"predecessor-version":[{"id":12308,"href":"http:\/\/www.mutxiko.org\/index.php?rest_route=\/wp\/v2\/pages\/7672\/revisions\/12308"}],"wp:attachment":[{"href":"http:\/\/www.mutxiko.org\/index.php?rest_route=%2Fwp%2Fv2%2Fmedia&parent=7672"}],"curies":[{"name":"wp","href":"https:\/\/api.w.org\/{rel}","templated":true}]}}